?
3
What is the hundreds digit of (28640/(-200))/(1/(-35))?
0
Suppose -3*u + 8*u = -5*g + 625, 4*g = -16. What is the units digit of u?
9
Let j = 1 - 5. Let n(y) = y**3 + 5*y**2 - 2*y + 1. What is the tens digit of n(j)?
2
Let c = 30 - 17. What is the units digit of 2/4*(c - -119)?
6
Suppose n + n = -4. Let t be n*4/(-8) - -2. Suppose 5*y - 2*b = 51, -t*y + 2*b = b - 30. What is the units digit of y?
9
Let w = -9 - -30. Suppose 9 = 5*x - w. What is the units digit of x/(-15) - 164/(-10)?
6
Let k = -31 + 53. Suppose 0 = -m + 67 + k. Suppose 0 = -4*s + m + 95. What is the units digit of s?
6
Suppose 3*x - 224 = 3*m - 5*m, -4*x + m = -284. Suppose x = 5*h + 27. Suppose h + 3 = 4*r. What is the units digit of r?
3
Suppose -85*m = -92*m + 2933. What is the units digit of m?
9
Let n(u) = -9 + 7 + 3*u + 4*u + 31. What is the hundreds digit of n(19)?
1
Suppose 2*g + 883 = -3*c, -1172 = 4*c - g + 5*g. What is the tens digit of (c/18)/((-1)/2)?
3
Let s(d) = d**2 + 9*d + 7. Let n be s(-10). Suppose -n = 4*p - 5*p. What is the units digit of p?
7
Suppose 3*z = -6, 5*u - 4*z + 0 = 28. Let m be (-4)/14 - 5388/(-42). Suppose -5*y = -u*a + m, 3*a + 4*y + 64 = 5*a. What is the units digit of a?
2
Let k = 10 - 11. Let f = k - -3. Suppose -f*h + 69 = h. What is the tens digit of h?
2
Let b(r) = -3*r + 25. Let o be b(9). What is the units digit of o + 1 - -4*(20 - -2)?
7
Let z = 7 + -13. Let w(x) = 2*x + x + x**3 + 8*x**2 - 3*x**3 + 3*x**3 + 19. What is the units digit of w(z)?
3
Let z(t) = -103*t + 1. What is the tens digit of z(-6)?
1
Suppose 4*g - 6*g + 5666 = -4*f, -2*g - 8*f = -5642. What is the thousands digit of g?
2
Let r(m) = -2*m**3 - 88*m**2 + 98*m + 58. What is the hundreds digit of r(-46)?
0
Let q(h) = h**3 - 9*h**2 + 2*h - 29. What is the units digit of q(11)?
5
Suppose 2 = 3*n + 5. Let m be (40/4)/(n/1). Let l = 13 + m. What is the units digit of l?
3
Suppose 3*m - 49 = 4*a + 323, 5*a - 655 = -5*m. What is the units digit of m?
8
What is the thousands digit of (4 + (-105)/20)*-4324 - -8?
5
Suppose -37*w + 6 = -31*w. Suppose -4*l - 3*y = -127, 3*l - y - 40 = 39. What is the tens digit of 1/(l/26 - w)?
1
Suppose 2*k - 31 = -5*x, 2*k + k - 22 = -4*x. Suppose -3*t + x*t = 460. Let y = t + -69. What is the tens digit of y?
4
Let i = 45 - 43. Suppose 4*g - i*j = -6*j + 76, 2*j + 34 = g. What is the tens digit of g?
2
Let z = 12 + -9. Let p(k) = -k + 4. Let f be p(z). Let s(j) = 20*j**3 + j**2 - j. What is the units digit of s(f)?
0
Let d(n) = n**3 + 2*n**2 + n - 3. Let l be d(1). Let x = 26 - l. What is the tens digit of x?
2
Let d(y) = y + 4. Let c be d(6). Let n be (25/c)/(1/(-24)). Let f = n - -87. What is the tens digit of f?
2
Suppose -5*r + 21*o + 1913 = 18*o, 3*o = -5*r + 1937. What is the hundreds digit of r?
3
Let z be 1 + (34 + 0 - -1). Suppose z = w - 0*w - 2*i, -5*i - 205 = -5*w. What is the tens digit of w?
4
Let w be (((-19)/3)/1)/(5/45). Let h = 95 + w. What is the tens digit of h?
3
Let b = -820 + 1770. What is the hundreds digit of b?
9
Let d(u) = 481*u**3 - 2*u**2 + u. What is the units digit of d(1)?
0
Let a(j) = -9*j - 12. Suppose -8*t + 3*t = 40. What is the units digit of a(t)?
0
Let u(q) = 14*q**2 - 8*q - 123. What is the thousands digit of u(-9)?
1
Let p(y) = y**2 - 3*y + 486. Let w be p(0). Suppose -5*b + 4*j = -w, 4*b + j - 356 = -4*j. What is the tens digit of b?
9
Let a = 8541 + -4351. What is the hundreds digit of a?
1
Let p be (-5 - -5)*(-1)/(-2). Suppose 3*u + 2*u - 20 = 0, p = -g + 5*u + 101. What is the hundreds digit of g?
1
Suppose 0 = -151*o + 146*o + 1820. What is the hundreds digit of o?
3
Suppose 0 = -2*k + 5*k - 3*l - 9, -2*k - l + 6 = 0. Suppose 0 = -b - 3*s + k + 4, b + 28 = 4*s. What is the tens digit of 45/(-60) - 390/b?
4
Suppose 2*r - 12 = -2. Suppose 0 = -r*y + 1043 - 113. What is the hundreds digit of y?
1
Let x(p) = p**3 + 13*p**2 - 17*p - 25. What is the tens digit of x(-11)?
0
Let r = -82 - -87. Suppose 5*g + r = s - 152, -2*g = s - 164. What is the units digit of s?
2
Let k(v) = -4*v - 2*v**2 - 8*v**3 + 5*v + 1 + 3 - 3. What is the units digit of k(-2)?
5
Let g = 2233 + -1453. What is the tens digit of g?
8
Let w(m) = -m**2 + 57*m + 109. What is the hundreds digit of w(48)?
5
Let j(b) = 4*b**2 + 5*b - 3. Let r be 42/(-9) - (-4)/6. What is the tens digit of j(r)?
4
Suppose a + 5*n + 17 = 0, 6 = -n + 2. Suppose -2*m + 64 = -0*m - 2*v, 0 = 4*m - a*v - 129. What is the units digit of m?
3
Let b(p) = p**3 + 2*p**2 - 9*p + 2. Let u be b(-5). What is the tens digit of (u/(-21))/((-2)/(-75))?
5
Let w = 923 - 123. What is the hundreds digit of w?
8
Let w be 5*(0 + (1 - 0)). Suppose 3*j + 5*k - 24 = -9, 0 = w*k. What is the units digit of j?
5
Let w(p) = -2*p**3 + 2*p**2 - 5*p - 9. Let k be w(-6). Suppose -2*g = -5*g + k. Suppose -4*v - 4*z + 100 = -8*z, g = 5*v + 5*z. What is the units digit of v?
0
Let i be 163/(-8) - 18/(-48). Let n = -8 + i. What is the units digit of (-5)/(-25) + n/(-10)?
3
Let j be 1786/10 - (-32)/80. Let d = -102 + j. What is the units digit of d?
7
Suppose -3*y - 4*t + 14704 = y, -3*y - t = -11034. What is the thousands digit of y?
3
Let g(m) = 4*m - 10. Let t(h) = 5*h - 11. Let z(q) = 4*g(q) - 3*t(q). Let v be z(12). Suppose 0 = v*r + 5, -r + 165 = 4*j - 6*r. What is the units digit of j?
0
Let o be -1 + (3 - 148/(-4)). Suppose -3*u + o = 9. What is the units digit of u?
0
Suppose 0 = 2*k - 5*c - 693, -999 = -4*k + 4*c + 381. Suppose -k = -6*m + 142. What is the tens digit of m?
8
Let z = -19 - -26. Let t(c) = c**3 + 8*c**2 + 6. Let g be t(-8). What is the units digit of (z - g)/((-2)/(-84))?
2
Suppose 4*b + 0 = 8. Let a = 2 + b. Suppose a*v + 2*k = -0*k + 96, -16 = -4*k. What is the units digit of v?
2
Let s = -14 - -8. Let q be (2 + -4)/(s/465). Suppose 4*a - 2 = t - 14, 0 = 5*t - a - q. What is the units digit of t?
2
Suppose -2*v - 4*d = 56, 88 = -v - v + 4*d. Let m = 74 + v. What is the tens digit of m?
3
Let j be 10/20 + 3/2. Suppose -3*c = -d + 17, j*d - c - 2*c = 40. What is the tens digit of d?
2
Let g(z) = 5 - 136*z + 282*z - 144*z - z**2. Suppose 2*t = 2*j + 22 - 8, -t + 23 = -5*j. What is the units digit of g(t)?
2
Let q = 1498 + -659. What is the tens digit of q?
3
Let a(i) = -2*i + 0*i - 6 + 7. Let q be a(-2). What is the units digit of (-87)/6*(-10)/q?
9
Let p = 505 - -340. What is the tens digit of p?
4
Let d(l) = 10*l + 11*l - 41*l + 16*l + 22. What is the units digit of d(-8)?
4
What is the hundreds digit of (-2)/(-8) + (-180687)/(-164)?
1
Suppose 4920 = 38*v - 32852. What is the hundreds digit of v?
9
Let u = -23 - -28. Suppose 0 = 9*d - 4*d - u. What is the units digit of 3/((-10)/(-7) - d)?
7
What is the thousands digit of 5/((-5)/(-1057)) + 5?
1
Suppose 2642 = 2*k - 1366. What is the thousands digit of k?
2
Suppose 3350 - 16508 = -17*b. What is the units digit of b?
4
Suppose 2*i + k = 3192, -2*k + 6*k = -2*i + 3186. What is the hundreds digit of i?
5
Suppose -10 = -5*s, -a + 5*s = -2*a. Let l be (44/a)/(18/(-45)). Suppose 3*j - l - 16 = 0. What is the units digit of j?
9
Let r = -569 + 981. Suppose 0 = -8*a + 1620 - r. What is the tens digit of a?
5
Suppose 2*w - 6*w + 85 = -a, -5*w + 85 = 3*a. Let x = w + -15. Suppose -4*n - x*z = -54 - 158, 4*n = 4*z + 176. What is the tens digit of n?
4
Let h(c) = -c**3 + c + 334. Let t be h(0). What is the tens digit of (t/(-8))/((-3)/12)?
6
Suppose -15*o - 53 = -818. What is the tens digit of o?
5
Suppose o - 38 = 2*q, -5*o = q - 4*q - 155. Let c be o/21 - (-2)/3. Suppose c*m - 65 = -3*m. What is the units digit of m?
3
Suppose 45 = 5*u - 2*n, 5*u + 3*n = 6*n + 40. Let v = u - 9. Suppose 0 = -7*k + v*k + 260. What is the units digit of k?
2
Let f = 2 - 1. Suppose -2*q - 2 = 2*z - 0*z, 0 = -5*z - 2*q + f. Let k = 18 - z. What is the tens digit of k?
1
Let i(f) = f**2 - f - 2. Let n be i(-1). Suppose 2*x + 102 = 3*q, -q + 41 = -n*q - 3*x. What is the units digit of q?
2
Let j = 3637 - 2526. What is the hundreds digit of j?
1
Let w(z) = 5*z**2 + 12*z + 3. What is the units digit of w(8)?
9
Let y(l) = 128*l**2 - 7*l + 5. What is the hundreds digit of y(-3)?
1
Suppose 0 = -j + 2*p + 1880, j - 9*p = -10*p + 1892. What is the hundreds digit of j?
8
Suppose -v = s + 4*v, -s + 3*v = -8. Suppose 4*o = 3*c - 20, 3*o - s*c + 15 + 11 